hat is the highest common divisor of i and 24?
6
Let z(p) = 2*p**2 + 25*p + 13. Let l be z(-13). Calculate the greatest common factor of 104 and l.
26
Suppose 10*j = 5*j + 200. Calculate the highest common divisor of j and 16.
8
Suppose 4*d + 19 = 3*d. Let k = 29 + d. Suppose z - 5 = 5. What is the greatest common divisor of z and k?
10
Let y be 30/5*(-1 - 0). Let q be 2/y - 20/(-6). Suppose -5*s + 50 = -0*r - 5*r, 4*r - 30 = -q*s. What is the highest common divisor of 15 and s?
5
Suppose 0 = -y + 3. Suppose 5*x - h - 22 = y*h, -2*x - 5 = 3*h. Suppose x*c + 8 = 4*c. What is the greatest common divisor of c and 6?
2
Let t be 6/(-4) + (-19)/(-2). What is the highest common divisor of 16 and t?
8
Suppose m + 2 = 4*b - 0, -3*b = 3*m - 39. Let z = 19 - m. What is the highest common divisor of 6 and z?
3
Let p be ((-25)/(-10))/((-3)/(-42)). What is the greatest common divisor of 7 and p?
7
Suppose -3 = 5*u - 188. Suppose -n + 1 = 0, 3*j + n = 3*n + u. Let q = j - -9. Calculate the highest common divisor of 66 and q.
22
Suppose 0 = -x + 4 - 1. Suppose -2*u = -x*u + 2. Calculate the highest common divisor of 6 and u.
2
Let v = -368 + 736. Calculate the highest common divisor of 16 and v.
16
Let x(c) = 2*c**2 - 2*c - 4. Let o be x(-4). Suppose 37 = 4*z - y - 0*y, -30 = -3*z + 3*y. What is the highest common factor of z and o?
9
Suppose 5*h - 9*h + 104 = 0. What is the highest common factor of 104 and h?
26
Let x(u) = -u**2 + 13*u + 10. Let h be x(12). What is the highest common divisor of 44 and h?
22
Suppose m + 2*c = 3*c + 2, 3*c = -5*m + 34. Let z(u) = u**2 - u - 1. Let s be z(-2). Calculate the highest common factor of m and s.
5
Let q = 177 - 112. Calculate the greatest common divisor of q and 39.
13
Let f = 19 + -14. Calculate the highest common factor of f and 5.
5
Let c = -108 - -220. Calculate the greatest common divisor of 7 and c.
7
Suppose -27 = c + 2*i - 190, -4*c + 688 = -4*i. Suppose -c = -q + 62. What is the highest common factor of 21 and q?
21
Let d = 10 + -10. Suppose -2*o + o + 4 = d. What is the highest common factor of o and 8?
4
Let z = 7 - 3. Suppose -5*k + 6 = -z. Calculate the highest common divisor of 5 and k.
1
Let u be (-2)/(-7) + (-496)/(-28). Let y be (-9)/((7/(-16))/7). What is the highest common divisor of u and y?
18
Let n be 3/9 + (-2)/(-3). Let b = 2 - 1. Let c(z) = 7*z. Let i be c(b). Calculate the highest common factor of n and i.
1
Let q(d) = 2*d**3 + 3*d**2 - 2. Let b be q(2). Calculate the highest common factor of 13 and b.
13
Suppose 4*j + 4 = -4*n, 8 = 4*n - 3*j - 23. Suppose n = 5*y - 1. Let a be ((0 - -11) + 0)/y. What is the greatest common factor of a and 88?
11
Let z = 3 - -9. Let x = 2 + -3. Let o = 5 - x. What is the greatest common divisor of z and o?
6
Let g be (-27)/9 - (-24 + 1). What is the greatest common divisor of g and 8?
4
Suppose -3*w = -5*n - 77, -2*w - 60 = -6*w - 4*n. Suppose -h - h = -304. What is the greatest common divisor of h and w?
19
Suppose 0 = -14*m + 15*m - 11. What is the highest common divisor of 11 and m?
11
Let o = 10 + 7. Let l = 236 - 350. Let z = l - -301. Calculate the greatest common factor of z and o.
17
Let p = 38 - 79. Let o = -24 - p. Calculate the greatest common divisor of o and 85.
17
Let q = -59 - -99. What is the highest common divisor of q and 5?
5
Suppose j + 7 = 4*b, 5*b - 30 = -2*j - 5. Let m = b + 0. Suppose -t = m*y, 3*t - 3*y + 0*y = 12. What is the highest common factor of 9 and t?
3
Suppose h = 5*c - 78, 5*h + 24 = 2*c + h. Calculate the greatest common divisor of 48 and c.
16
Suppose q = -2*y + 15, 2*y - q - 5 = -0*q. Suppose y*f + 3*g = 35 - 10, -5*g = 2*f + 9. Calculate the highest common factor of 40 and f.
8
Let h = 218 + -170. What is the highest common factor of 384 and h?
48
Suppose 3*f - 4*f = -64. Calculate the greatest common divisor of 16 and f.
16
Let q(i) = 2*i**2 - 12*i - 2. Let p be q(7). Suppose -2*b - 90 = -4*b + 2*k, 5*b - 3*k = 231. Calculate the highest common factor of b and p.
12
Suppose 4*s - 12 = 3*h + 3, 6 = 3*s - 4*h. Let b be (s + -3)*(-3)/(-9). What is the highest common factor of b and 10?
1
Suppose -2*y = 3*y + d - 18, -5*d = -y + 14. Suppose -y*v - v = -50. Calculate the greatest common factor of v and 10.
10
Suppose 3*b + 4*t = 308, 0*b + b - t - 105 = 0. Calculate the highest common factor of 13 and b.
13
Suppose g - n = 39, 35 = 2*g - 3*n - 47. Calculate the greatest common factor of g and 35.
35
Suppose -5*v + 0 + 43 = 3*f, 2*v + 4*f - 6 = 0. Let j(r) = r - 2. Let w be j(3). What is the greatest common divisor of w and v?
1
Let z(f) = 2*f + 1. Suppose -v - 11 = 2*k, 0 = -2*v - 3*v - k - 28. Let y be z(v). Let n be (-2)/(-3*(-6)/y). What is the greatest common factor of n and 2?
1
Let x = 5 - 1. Let l be 25/x + (-6)/24. Calculate the highest common factor of l and 18.
6
Let d be 3/(-3 + 6) + 0. Let m be (-36)/d*(-7 - -6). Calculate the highest common factor of 4 and m.
4
Let b(w) = -2*w**3 - 4*w**2 - 4*w - 2. Suppose 6 = -2*n - n. Let k be b(n). Calculate the greatest common divisor of 60 and k.
6
Let k = 3 - -1. Calculate the greatest common factor of 4 and k.
4
Let q = -108 + 76. Let v = -17 - q. Calculate the highest common divisor of 45 and v.
15
Suppose -p + 2 = -i, -5*i + p = -0*p + 10. Let w be (i + 0)*(-44)/8. Suppose 3*f - 4 = 29. Calculate the highest common factor of w and f.
11
Suppose 7*a = 47 + 93. What is the greatest common factor of 100 and a?
20
Suppose 27 + 13 = 10*l. Calculate the highest common divisor of 36 and l.
4
Let q be (-14)/2*1*-1. Suppose 3*y - 23 = -q*g + 2*g, 13 = 2*y + g. What is the greatest common factor of 3 and y?
3
Suppose 12 = 3*b - 0. Suppose 7*o - 4*o + 51 = -b*u, -3*u = 3*o + 39. Let p be 4/6 + (-136)/u. Calculate the greatest common factor of 36 and p.
12
Let f(d) = -d**3 - 9*d**2 + 10*d + 14. Let s be f(-10). Suppose -5*m = 4*b - 3, 3*m - 2*m = 5*b - 11. What is the greatest common divisor of b and s?
2
Let d(v) = v + 1. Let p be d(-2). Let m be -1 - 332 - (-1)/p. Let a be m/(-10) - (-2)/(-5). What is the greatest common divisor of a and 11?
11
Suppose 3*o + 4*i + 4 + 0 = 0, 36 = 4*o - 5*i. Suppose -s = o*s - 30. What is the highest common divisor of 18 and s?
6
Let m be (-2 + -1)/(9/(-42)). Let r(p) = 52*p + 4. Let h be r(1). Calculate the highest common factor of h and m.
14
Suppose -3*t + 3*d - 8*d = -13, 2*t = -4*d + 12. Let f(r) = r**3 + 5*r**2 + 2*r. Let p be f(t). What is the greatest common divisor of 80 and p?
8
Let f be (42/35)/(2/5). What is the highest common divisor of 2 and f?
1
Let d(z) = -2*z - 11. Let q be d(-9). Let u = -58 + 93. What is the highest common divisor of u and q?
7
Let x be (1 + -2)*(-5 + 0). Let v be 116/6 + 4/6. What is the greatest common divisor of v and x?
5
Suppose 14*r - 15*r = -26. What is the greatest common factor of r and 182?
26
Suppose k + 515 = 2*k. Suppose -k = -5*c - 4*j, -c - j - j = -109. What is the greatest common factor of 9 and c?
9
Suppose -6*a + 7*a = 105. What is the highest common divisor of 21 and a?
21
Let t be 3/((-2)/28*-2). Calculate the highest common factor of 147 and t.
21
Suppose -51 = -2*h + 147. Calculate the highest common divisor of h and 11.
11
Suppose 2*h = -h - 51. Let k = h + 24. Let n(x) = 77*x**2 - x - 1. Let o be n(-1). Calculate the highest common divisor of o and k.
7
Suppose 5*n = n + 12. Let z be 1/(2/32*2). Suppose 2*y = n*y - z. Calculate the greatest common factor of y and 88.
8
Suppose -15 = 5*q, 5*h + 3*q - 477 = 2*h. What is the highest common divisor of 18 and h?
18
Let r be (-274)/12 + (-1)/6. Let l = -9 - r. What is the greatest common divisor of l and 126?
14
Let r(v) be the third derivative of -v**5/60 - v**4/6 + 7*v**3/6 - 2*v**2. Let h be r(-5). What is the highest common divisor of 8 and h?
2
Suppose -2*m = -7*m. Suppose m = -0*z + 2*z. Suppose -3*v - 26 = -5*v - 3*c, z = -5*v + 4*c + 42. Calculate the highest common divisor of 30 and v.
10
Let n = 24 - 14. What is the highest common divisor of n and 2?
2
Let d = 5 + -2. Suppose v - 2 = -d*z + z, -z + 2*v = -6. What is the greatest common divisor of z and 10?
2
Suppose w + 75 = -4*w. Suppose -3*h + 21 = -141. Let p = w + h. What is the greatest common factor of 13 and p?
13
Let d = 5 + 10. Let s = 0 - 0. Let u = 45 + s. Calcula